t the prime factors of 10261775.
5, 31, 13241
List the prime factors of 6582014.
2, 29, 283, 401
What are the prime factors of 1653138?
2, 3, 91841
What are the prime factors of 1404812?
2, 17, 73, 283
List the prime factors of 237887.
13, 29, 631
What are the prime factors of 8633679?
3, 97, 29669
List the prime factors of 3376910.
2, 5, 337691
What are the prime factors of 24686?
2, 12343
What are the prime factors of 2164229?
2164229
What are the prime factors of 224162?
2, 17, 19, 347
List the prime factors of 2241794.
2, 53, 21149
List the prime factors of 1861574.
2, 11, 13, 23, 283
List the prime factors of 12184414.
2, 11, 553837
What are the prime factors of 9790249?
7, 17, 23, 73
What are the prime factors of 618221?
101, 6121
What are the prime factors of 276747?
3, 29, 3181
List the prime factors of 374155.
5, 74831
What are the prime factors of 233815?
5, 101, 463
List the prime factors of 108121.
13, 8317
What are the prime factors of 926265?
3, 5, 61751
List the prime factors of 3198666.
2, 3, 533111
What are the prime factors of 404303?
101, 4003
List the prime factors of 414145.
5, 113, 733
What are the prime factors of 6665994?
2, 3, 37, 10009
What are the prime factors of 2866649?
37, 77477
List the prime factors of 6636039.
3, 1181, 1873
What are the prime factors of 1221589?
1221589
What are the prime factors of 168065?
5, 33613
What are the prime factors of 1290649?
1290649
List the prime factors of 5351222.
2, 139, 19249
What are the prime factors of 962618?
2, 71, 6779
List the prime factors of 1056724.
2, 67, 3943
List the prime factors of 328467.
3, 103, 1063
What are the prime factors of 3280130?
2, 5, 7, 47, 997
List the prime factors of 2258751.
3, 11, 68447
List the prime factors of 12126702.
2, 3, 7, 288731
What are the prime factors of 362900?
2, 5, 19, 191
List the prime factors of 388451.
7, 211, 263
What are the prime factors of 889039?
889039
List the prime factors of 5779028.
2, 43, 33599
List the prime factors of 634947.
3, 113, 1873
What are the prime factors of 9449951?
7, 1349993
List the prime factors of 496759.
457, 1087
What are the prime factors of 10175258?
2, 53, 59, 1627
List the prime factors of 293920.
2, 5, 11, 167
What are the prime factors of 9778?
2, 4889
List the prime factors of 506724.
2, 3, 42227
List the prime factors of 251182.
2, 125591
What are the prime factors of 426944?
2, 7, 953
List the prime factors of 2870297.
17, 109, 1549
What are the prime factors of 1086995?
5, 7, 13, 2389
List the prime factors of 800800.
2, 5, 7, 11, 13
List the prime factors of 12395574.
2, 3, 23, 79, 379
What are the prime factors of 22322131?
13, 19, 90373
What are the prime factors of 183355?
5, 36671
What are the prime factors of 1011781?
29, 139, 251
List the prime factors of 207035.
5, 47, 881
List the prime factors of 177839.
177839
List the prime factors of 2391029.
67, 127, 281
What are the prime factors of 156127?
156127
What are the prime factors of 630769?
59, 10691
What are the prime factors of 539608?
2, 37, 1823
List the prime factors of 18593036.
2, 7, 11, 17, 53, 67
List the prime factors of 309132.
2, 3, 31, 277
What are the prime factors of 3519781?
83, 42407
List the prime factors of 1170751.
1170751
List the prime factors of 385974.
2, 3, 41, 523
What are the prime factors of 217892?
2, 19, 47, 61
What are the prime factors of 67986?
2, 3, 1259
What are the prime factors of 1960077?
3, 7, 93337
What are the prime factors of 755510?
2, 5, 7, 43, 251
What are the prime factors of 1514622?
2, 3, 41, 47, 131
What are the prime factors of 735116?
2, 37, 4967
What are the prime factors of 3022461?
3, 13, 79, 109
List the prime factors of 452395.
5, 173, 523
List the prime factors of 17283075.
3, 5, 47, 4903
What are the prime factors of 120292?
2, 17, 29, 61
List the prime factors of 49824.
2, 3, 173
What are the prime factors of 2644797?
3, 37, 23827
What are the prime factors of 512407?
7, 71, 1031
What are the prime factors of 192379?
11, 17489
What are the prime factors of 114042?
2, 3, 83, 229
List the prime factors of 4593814.
2, 2296907
What are the prime factors of 584497?
19, 30763
List the prime factors of 237460.
2, 5, 31, 383
List the prime factors of 128883.
3, 42961
What are the prime factors of 30415?
5, 7, 11, 79
List the prime factors of 420892.
2, 139, 757
List the prime factors of 865215.
3, 5, 13, 17, 29
List the prime factors of 114519.
3, 59, 647
What are the prime factors of 557204?
2, 139301
List the prime factors of 8820112.
2, 7, 61, 1291
What are the prime factors of 254780?
2, 5, 12739
List the prime factors of 3142912.
2, 12277
What are the prime factors of 2313827?
2313827
List the prime factors of 7324372.
2, 11, 37, 409
What are the prime factors of 4866892?
2, 23, 52901
List the prime factors of 30414496.
2, 7, 17, 163
What are the prime factors of 641318?
2, 320659
List the prime factors of 459481.
11, 41771
List the prime factors of 1489067.
1489067
List the prime factors of 170825.
5, 6833
List the prime factors of 73863.
3, 29, 283
What are the prime factors of 1009014?
2, 3, 19, 53, 167
List the prime factors of 2806632.
2, 3, 17, 2293
What are the prime factors of 469193?
469193
List the prime factors of 5741660.
2, 5, 37, 7759
What are the prime factors of 930678?
2, 3, 7, 22159
List the prime factors of 21042.
2, 3, 7, 167
List the prime factors of 568383.
3, 41, 4621
List the prime factors of 218725.
5, 13, 673
What are the prime factors of 2766881?
13, 212837
What are the prime factors of 22378595?
5, 4475719
What are the prime factors of 6629846?
2, 31, 61, 1753
What are the prime factors of 5585982?
2, 3, 277, 3361
What are the prime factors of 1107859?
53, 20903
List the prime factors of 6012957.
3, 269, 7451
List the prime factors of 5651056.
2, 19, 29, 641
List the prime factors of 12964095.
3, 5, 103, 2797
What are the prime factors of 426019?
11, 38729
List the prime factors of 570852.
2, 3, 101, 157
List the prime factors of 4424972.
2, 1106243
What are the prime factors of 159840?
2, 3, 5, 37
List the prime factors of 147588.
2, 3, 7, 251
List the prime factors of 20717123.
7, 2959589
What are the prime factors of 914244?
2, 3, 47, 1621
List the prime factors of 18039.
3, 7, 859
What are the prime factors of 679621?
59, 11519
List the prime factors of 155650.
2, 5, 11, 283
What are the prime factors of 1866261?
3, 191, 3257
What are the prime factors of 14626143?
3, 7, 19, 4073
List the prime factors of 5603021.
37, 151433
List the prime factors of 299857.
299857
What are the prime factors of 613881?
3, 68209
What are the prime factors of 7276745?
5, 7, 4243
List the prime factors of 2937248.
2, 19, 4831
What are the prime factors of 55267?
17, 3251
What are the prime factors of 15360788?
2, 313, 12269
List the prime factors of 134459.
13, 10343
What are the prime factors of 573418?
2, 409, 701
List the prime factors of 494507.
13, 38039
List the prime factors of 8796529.
7, 31, 5791
What are the prime factors of 410345?
5, 13, 59, 107
What are the prime factors of 140968?
2, 67, 263
What are the prime factors of 155279?
31, 5009
What are the prime factors of 1012094?
2, 506047
List the prime factors of 478439.
13, 19, 149
List the prime factors of 158368.
2, 7, 101
List the prime factors of 220109.
53, 4153
List the prime factors of 250683.
3, 83561
What are the prime factors of 1793523?
3, 67, 8923
List the prime factors of 11528856.
2, 3, 17, 9419
What are the prime factors of 6108656?
2, 381791
What are the prime factors of 419073?
3, 163, 857
List the prime factors of 4052718.
2, 3, 61, 3691
What are the prime factors of 88601?
41, 2161
List the prime factors of 130671.
3, 14519
List the prime factors of 213399.
3, 131, 181
List the prime factors of 150692.
2, 101, 373
What are the prime factors of 14043822?
2, 3, 13, 401, 449
List the prime factors of 2035810.
2, 5, 7, 127, 229
What are the prime factors of 1606183?
89, 18047
List the prime factors of 8344703.
73, 114311
List the prime factors of 4335510.
2, 3, 5, 17, 8501
What are the prime factors of 16194560?
2, 5, 3163
List the prime factors of 4952997.
3, 7, 29, 2711
List the prime factors of 324132.
2, 3, 27011
What are the prime factors of 817101?
3, 53, 571
List the p